 y - 48. Calculate the remainder when u is divided by 10/3*24/10.
5
Let x(t) = -t**2 - 21*t - 35. What is the remainder when 548 is divided by x(-13)?
65
Let t(p) = p**2 + 4*p + 3. Let q be t(-3). What is the remainder when 18 + q/4*-1 is divided by 11?
7
Let a(w) = 256*w + 1041. Calculate the remainder when 30 + (0 - (-2)/(-2)) is divided by a(-4).
12
Let k(w) = -w**2 - 14*w + 9. Suppose -5*d = 4*s + 86, 2*d - s + 6*s + 48 = 0. Let c = -61 + 103. What is the remainder when c is divided by k(d)?
6
Suppose 0 = 8*t - 4*t + 5*s, -3*s + 22 = -2*t. What is the remainder when (-2)/t*(-260)/(-2) is divided by 9?
7
Suppose 10*g - 94 - 36 = 0. Suppose 34 = 3*a + g. Calculate the remainder when 19 is divided by a.
5
Let y = -6533 + 6553. Let q = -20 - -76. What is the remainder when q is divided by y?
16
What is the remainder when (4 - 15/3)/(-2)*248 is divided by 16?
12
Let f(y) be the third derivative of -y**4/2 + y**3/2 - 3*y**2. Let s be f(2). Let t = s + 108. Calculate the remainder when t is divided by 22.
21
Suppose z = -z + 4. Let m be -15*(1 + 0*3/(-9)). Let n = m - -16. What is the remainder when z is divided by n?
0
Let v(h) = 19*h + 4. Let c be v(-3). Let k = c - -84. What is the remainder when k is divided by ((-19)/(76/8))/((-3)/12)?
7
Let j = 1616 - 1502. Calculate the remainder when j is divided by 3.
0
Suppose 10*t - 656 + 466 = 0. Calculate the remainder when t is divided by 6.
1
Let b(z) = 8*z**2 - 9*z - 28. Calculate the remainder when b(-5) is divided by 27.
1
Let v(u) = 58*u + 800. What is the remainder when v(-13) is divided by 42?
4
Let r(m) = -798*m**2 + 393*m**2 + 392*m**2 + m**3 + 15*m - 29. What is the remainder when 27 is divided by r(12)?
6
Let t(f) = -f**3 + 4*f**2 + 2*f + 39. What is the remainder when 622 is divided by t(0)?
37
Let n(s) = 2*s + 24. Let j be n(-6). Suppose -w = q + 2*w - j, 0 = 5*w. Calculate the remainder when q is divided by 4.
0
Let d(a) = -a**2 + 14*a + 11. Let z be d(16). Calculate the remainder when 25 is divided by (12/18)/((2/z)/(-1)).
4
Suppose -10*c = -c - 1341. Suppose -5*h + c = -26. Let k = h + 10. Calculate the remainder when k is divided by 24.
21
Calculate the remainder when (-4 + 3)/((-3)/1362) is divided by 12.
10
Let z = -2304 + 2446. Calculate the remainder when z is divided by 13.
12
What is the remainder when 21 is divided by (3/(-1) - -7)*7/2?
7
Let o = -136 + 143. Let d(z) = z**2 - 7*z + 6. Let k be d(6). Suppose k = -3*c + 16 + 62. Calculate the remainder when c is divided by o.
5
Let t be 1/2*-6 + 17. Let n(x) = -3*x**3 + x**2 - x - 1. What is the remainder when n(-2) is divided by 4/t - (-162)/21?
5
Suppose u - 11 = -0. Let l = -8 + u. Suppose 0 = -l*k + 49 + 35. Calculate the remainder when k is divided by 10.
8
Suppose 0 = k + 2*l - 4, -6*k + 21 = -2*k + 3*l. Let t(p) = -p**2 + 8*p - 8. Let v be t(k). Calculate the remainder when (-14)/(v/(-26)*1) is divided by 31.
29
Let w = -7 + 230. Calculate the remainder when w is divided by 28.
27
Suppose 3*p + 2*p = -25, 5*p = 5*n - 55. Suppose -3*i = -0*i - 42. Calculate the remainder when i is divided by n.
2
Suppose -h + 3*j + 8 = 0, 3*h - 8 = 2*h - 5*j. Let z = 4 - 20. Let w = 30 + z. What is the remainder when w is divided by h?
6
Suppose 5*z - 7 = -2*v - 21, -4*z - 28 = 4*v. Let p = v + 1. Calculate the remainder when 568/(-12)*p/4 is divided by 24.
23
Let c(i) = -i**2 + 2*i + 106. What is the remainder when c(0) is divided by 54?
52
Let y(t) = t**2 - 2*t - 1. Suppose -89 = -6*o + 5*o. Calculate the remainder when o is divided by y(6).
20
Let v = -211 + 254. Calculate the remainder when v is divided by 17.
9
Let m(j) = 17*j + 1. Let k be m(-3). Let x = 19 - k. Let a = -12630 + 12648. Calculate the remainder when x is divided by a.
15
Suppose -25 = 2*g - 9. Let t be 6/(-4)*g/(-6). Let m(i) = 3*i**2 + 2*i - 1. Calculate the remainder when 26 is divided by m(t).
5
Let b = 40 + -35. Suppose -5*t - d = -391, 2*t + d + 30 - 187 = 0. Suppose b*s + 5*m = 75, 4*s - 4*m - m = t. What is the remainder when 49 is divided by s?
15
Suppose 3*g + 20 = -4*p, 4*p - 16 = 5*g + 60. Let o(i) = 7*i**3 + 3*i**2 - 3. Let s be o(2). Calculate the remainder when 41 is divided by (-2)/g - s/(-6).
8
Let n(v) = -v**3 - 10*v**2 + 10*v - 9. Let i be n(-11). Suppose l - 12 = -4*m, 5*l + 2*m - 36 = 3*l. What is the remainder when l is divided by i/8 - (-432)/64?
6
Let x = -33 - -49. Suppose 2*b - x = 3*k, -4*b + 8 = k - 10. Let d(c) = c**3 - 2*c**2 - 3*c + 2. Calculate the remainder when d(4) is divided by b.
2
Suppose 5*m - 6*m = -15. What is the remainder when 69 is divided by m?
9
Suppose -5*a = -4*a - 60. Let l = 124 + -111. What is the remainder when a is divided by l?
8
Let j(s) be the first derivative of -s**4 - s**3/3 + 3*s**2/2 + s - 82. Let z = 3 - 5. What is the remainder when 43 is divided by j(z)?
20
Let x(g) = -3*g + 21. Calculate the remainder when 140 is divided by x(-9).
44
Suppose -2*v + 5 = -1. Let k(p) = -p - 8. Let f = 18 - 27. Calculate the remainder when v is divided by k(f).
0
Let o = 86 - 55. Suppose 3*w - o = 4*u, 3*w - 2*u = -2*w + 33. What is the remainder when 12 is divided by w?
2
Let t = -15 - -22. Let p = 9 - 8. Calculate the remainder when (-2)/p*108/(-8) is divided by t.
6
Let u(v) = v**3 + 9*v**2 + v + 9. Let i be u(-9). Suppose 0 = -z + 3*o + 16, -o + i*o - 4 = 0. Calculate the remainder when z is divided by 2.
0
Suppose -2*v + 4*x + x = -42, -84 = -3*v - 3*x. Calculate the remainder when 94 is divided by v.
16
Calculate the remainder when 143 is divided by (-3 - 0)*(-111)/9.
32
What is the remainder when 404 is divided by (18231/295)/(3/5)?
95
Let y(z) = z**3 - 3*z + 5. Suppose -h = -12 + 10. What is the remainder when 19 is divided by y(h)?
5
Suppose -3*g + 45 = -q - 0*q, -60 = -4*g + 5*q. Let d = -25 - -141. Suppose 4*w - 6*w + d = 0. Calculate the remainder when w is divided by g.
13
Suppose -5*i - 1 = 3*u, 2*i + 5*u = -5 - 3. Calculate the remainder when (i/2*6)/(9/60) is divided by 3.
2
Suppose 5*d + 4*x - 137 = 13, 0 = x. Let g(c) be the first derivative of c**2/2 + 26*c - 14. Calculate the remainder when d is divided by g(-18).
6
Suppose 3*m = -m. Suppose 0 = -5*k + q - 6, m*q - 5*q + 7 = -2*k. What is the remainder when -3*4*k + 2 is divided by 8?
6
Let b(z) = z**3 + 29*z**2 + 49*z - 21. Calculate the remainder when b(-27) is divided by 28.
2
Let o = -17 - -46. Suppose -33*p + o*p = -344. What is the remainder when p is divided by 29?
28
Suppose -5076 = 52*m - 146*m. What is the remainder when 176 is divided by m?
14
Let o = -418 - -496. Calculate the remainder when 465 is divided by o.
75
Suppose -4*z = 5*a - 78, 2*z - 63 = -5*a + 21. Calculate the remainder when -7*((-7)/(-21))/((-2)/a) is divided by 2.
1
Let h = 596 - 85. What is the remainder when h is divided by 8?
7
Suppose -2*p - 5*v = -23 + 1, -2*p = v - 22. Calculate the remainder when 274 is divided by p.
10
Let v = -9 + 26. Let m(t) = -t + 3. Let b be m(-7). Suppose -46 = -6*g - b. Calculate the remainder when v is divided by g.
5
Suppose 6*j + 5*c = 7*j - 91, 0 = -j - 4*c + 46. Calculate the remainder when j is divided by 32.
2
Suppose 2*h = -2*f + 190, -4*f - 3*h + 180 = -195. Suppose 0 = -3*x + f - 6. Calculate the remainder when x is divided by 6.
4
Suppose 47*i - 52*i = -50. Calculate the remainder when 51 - (-3)/6*-6 is divided by i.
8
Suppose -i = -4*t - 18 - 32, 0 = -3*i + 4*t + 142. Suppose 13*d - 20*d = 84. Let k = i + d. Calculate the remainder when k is divided by 9.
7
Suppose j = -5*h + 72, 4*j - 6 + 3 = -h. Suppose -4*i = 110 - 346. Calculate the remainder when i is divided by h.
14
Suppose 2*u - 10 = u. Let d(k) be the first derivative of 2*k**2 - 16*k - 6. What is the remainder when u is divided by d(5)?
2
Let u = -47 - -49. Suppose -u = w, -3*w + 10 = 2*j + 2. What is the remainder when 90 is divided by j?
6
Let w(z) = z**3 - 7*z**2 + 3*z - 3. What is the remainder when (198/2)/(10/4 - 1) is divided by w(7)?
12
Let i = 31 - 30. Suppose 0 = -g + i + 1. What is the remainder when 6 is divided by g?
0
Suppose 226 = -61*t + 4374. Calculate the remainder when 155 is divided by t.
19
Let a be (-2466)/30 + (6/(-10))/(-3). Let y = 88 + a. What is the remainder when 40 is divided by y?
4
Let v(d) = 600*d + 5. Calculate the remainder when v(1) i